m + 4. Let f(w) = -111*w - 6. Let l(n) = -5*f(n) - 7*t(n). Is l(u) a composite number?
False
Suppose 0*h = 3*g - 4*h + 13177, -2*g - 4*h = 8818. Let a = -1622 - g. Is a composite?
False
Suppose 2*p = -5*m + 8, 5*p - 13 = 7. Let r = m + 4. Let n = r - -141. Is n composite?
True
Let k be (-10)/(-6)*3 + 0. Suppose 0 = k*p - 5949 + 354. Is p a prime number?
False
Suppose -32*w - 19507 + 938003 = 0. Is w prime?
True
Suppose -10 = -4*x - 22. Is (-1886)/(-3) + ((-48)/18 - x) prime?
False
Let y be 490/(-18) - (-4)/18. Let s = -31 + 113. Let d = y + s. Is d composite?
True
Let i = 26163 - 4144. Is i composite?
True
Let k be (-27)/12*(-4)/1. Let g(s) = -s**3 + 8*s**2 + 10*s - 5. Let q be g(k). Suppose q*l = -4*z + 2268, z = -4*l + 166 + 2096. Is l composite?
True
Suppose -43*j + q = -40*j - 10298, 4*j + 3*q - 13709 = 0. Is j composite?
True
Let u = 5392 + -3021. Is u composite?
False
Suppose 3*c + 2*c + 5*g = 9845, -4*c - 2*g + 7884 = 0. Is c a prime number?
True
Suppose 3*g - g - 3*h = -11, -3*g - 36 = 2*h. Let r = -9 - g. Is (r - 0) + 164*6 a prime number?
False
Let g(v) = 5*v**2 + 12*v + 8. Suppose 0 = 3*z - 2*z - 9. Let p = 2 + z. Is g(p) prime?
False
Suppose -2*c = -2*s + 5136, 0 = -8*c + 3*c + 5. Is s a composite number?
True
Suppose s = 3 + 1. Suppose 81 = l - 3*v, -s*l = -v - 151 - 162. Let r = 127 + l. Is r a prime number?
False
Suppose o - 4*o = -4*j - 2882, o + 3*j - 965 = 0. Let a = o + 245. Is a prime?
False
Let g be (36/15 + -2)*-35. Let w be (12/(-28))/(2/g). Suppose 5*m - 98 = -2*h, -h + 232 = w*h + m. Is h composite?
False
Let d(x) = -11*x**3 + 9*x**2 - 11*x + 2. Let n be d(5). Let z = 7880 + n. Is z a prime number?
False
Let z(h) = 179*h. Let o = -31 - -59. Let n be (-2 - -2) + o/4. Is z(n) a composite number?
True
Let h(r) = 4*r**2 - 2*r + 5. Let f(k) = -k**2 + k + 2. Let t be f(-4). Let g be (-12)/(-54) - 86/t. Is h(g) a composite number?
True
Is (-502)/(1/(1 - 2) - 1) a prime number?
True
Let v be 6/(-39) + 2310/(-26). Let h be (-4)/(-14) - v/7. Suppose h - 303 = -5*p. Is p prime?
False
Let b be (-138)/9 + 6/(-9). Let o be -6 - b - (1 + 0). Suppose -80 = -x + o. Is x composite?
False
Let l = 6966 - 4033. Is l a composite number?
True
Suppose -w - 5 = 0, 6 = -3*h + w + 20. Suppose -h*m = s + 214 - 1394, 2*m + 3*s = 775. Is m prime?
False
Let s = 155 + -150. Let x(l) = 510*l - 47. Is x(s) a composite number?
False
Let o = 77 - 77. Suppose o = -64*z + 60*z + 2456. Is z prime?
False
Let r(s) = 5930*s - 19. Is r(7) a composite number?
False
Let i(l) = l**3 - 7*l**2 - 6*l - 6. Let j be i(8). Let x(c) = c**3 - 10*c**2 + 5*c - 15. Let v be x(j). Let p = 176 + v. Is p a prime number?
True
Let n = 8808 - 4697. Is n a composite number?
False
Suppose 0*b = b - 6652. Suppose -7*i + b = -3*i. Is i a composite number?
False
Let k be 16/3 + 8/(-24). Suppose -k*h = -22482 + 4247. Is h prime?
False
Let y(q) = 3*q - 1. Suppose 5 = -3*t + 2. Let n be y(t). Is (n/(-2))/(6/165) prime?
False
Let o(r) = 2*r**3 + 9*r**2 + 7*r + 4. Let m be o(-7). Let k = -132 - m. Is k a prime number?
False
Suppose -x + 39 = -3. Let n = x - 117. Is 1/((-1)/n*3) a composite number?
True
Suppose -18*m + 1212 = -39270. Is m a composite number?
True
Let o(u) = u**3 + u - 1. Let i(v) = v**3 + 4*v**2 + 3*v - 3. Let t(w) = -i(w) + 4*o(w). Is t(7) composite?
False
Is -6*(18271/(-14) - 12/(-21)) composite?
True
Let k = -1349 + 2498. Let q = k - 818. Is q prime?
True
Suppose -p + 4 = 2. Suppose 2*f + 3*a = 27, 18 = 5*f - p*a - 2. Suppose 7*i - 145 = f*i. Is i a composite number?
True
Let q = -25 + 30. Suppose 4*n - 1881 + 111 = 2*o, -q*n = -3*o - 2212. Is n a prime number?
True
Suppose -2*t - 44*m + 39*m = -35258, -5*t + 88183 = 3*m. Is t a prime number?
False
Let t(k) = 395*k**2 + 20*k + 76. Is t(-5) composite?
False
Let l(d) = 3*d**2 - 4*d - 3. Let v be l(-1). Suppose 0 = -2*s + 6015 + 1119. Suppose -v*i - 843 = -s. Is i prime?
False
Suppose p + 2*l = -3*p, -5*p = 3*l + 2. Suppose -p*x - 410 + 4012 = 0. Is x prime?
True
Let t(p) = -5*p - 4*p + 10*p. Let h(j) = -46*j + 4. Let g(u) = -h(u) - 3*t(u). Is g(5) a prime number?
True
Suppose 6*h = -h + 10801. Is h a composite number?
False
Let x = -46 + 48. Suppose -x*n - 2*y + 2876 = 0, -3 = -y - 2*y. Is n composite?
True
Let h(l) be the second derivative of 11*l**4/3 - 5*l**3/6 - 4*l**2 + 12*l. Is h(5) a prime number?
False
Let q(r) = 3*r - 19. Let n be q(7). Suppose y - 3*w = n - 11, -y - 4*w = -19. Suppose -y*m + k = -1874, -2*k + 3*k = -5. Is m a composite number?
True
Suppose 0 = -11*o + 60*o - 404593. Is o composite?
True
Let c be (-4)/(-8) + (-6)/4*-3. Suppose -5*t + 2510 = c*t. Is t composite?
False
Let f(z) = -z - 1. Let d(u) = 519*u + 1. Let r(s) = d(s) - 3*f(s). Let b be r(5). Suppose b = 4*t - 1054. Is t prime?
False
Suppose 41*n + 855 = 86*n. Is n prime?
True
Suppose 9502 = 13*y - 8659. Is y a composite number?
True
Is (-342111)/(-24) + (-3)/(-8) prime?
False
Let c(q) be the second derivative of -8*q**3/3 + 5*q**2 - q. Is c(-7) a prime number?
False
Let n be 3 - (-1)/(4/(-12)). Suppose -4 - 2 = 2*k, w - 3*k + 921 = n. Let i = w - -1521. Is i prime?
False
Let c(y) = -330*y**3 + 2*y**2 - 15*y - 114. Is c(-7) composite?
False
Let w = 9 + -12. Let n be 215 + w*(-1)/(-3). Let i = n + -125. Is i a composite number?
False
Let t = 221 + 64. Suppose -2*n = p - 90 - 5, 3*p = 4*n + t. Is p composite?
True
Let a be (27 - (-6)/(-2)) + 1. Suppose 4*t = a + 103. Is (-2)/8 + 9896/t composite?
True
Let b(z) = 27*z**2 + z - 2. Let f(c) = c**2 + c. Let q(s) = -b(s) + 4*f(s). Let g be q(-1). Is (1548/g)/((-6)/8) a prime number?
False
Let p = -13171 + 29802. Is p composite?
False
Let i(d) = -d**3 - d**2 + 1. Let m(a) = 624*a**3 - a**2 - 2*a - 2. Let k(u) = -2*i(u) - m(u). Is k(-1) a prime number?
False
Is (-15 + 1)*289/(-34) composite?
True
Suppose -20 = -6*i + i. Let y be i/8 + (-967)/2. Is (-6)/(-15) - y/5 a composite number?
False
Let g be (-18745)/15 - (-2)/(-6). Let s = g + 1855. Suppose 5*p = 2*j - 499, -5*p - 665 = -5*j + s. Is j composite?
False
Suppose 2*s - 7966 = -2*t, -2*t + 4*s + 7966 = s. Is t a prime number?
False
Let p(s) = s**3 + 16*s**2 + 7*s - 7. Let i(a) be the second derivative of -13*a**5/20 + a**4/12 - a**3/6 - 14*a. Let l be i(1). Is p(l) composite?
False
Let u = 5863 - 2778. Is u a prime number?
False
Let x be -2 + 3/(-6)*-2*2249. Let z = -554 + x. Is z a prime number?
True
Suppose 0*c = 9*c + 9. Is (1088/(-6) - c)/(9/(-27)) a composite number?
False
Suppose 0 = 6*x + 3*x - 27. Suppose -6*u + x*u + 2459 = 5*s, 0 = 4*s + 5*u - 1962. Is s a prime number?
False
Is (-15 - -13)/(6/(-1041)) composite?
False
Let n(m) = -129*m + 1. Let z = -11 + 10. Let h be n(z). Suppose 0*u - 2*u = -h. Is u prime?
False
Is 27329 + -1 + (-6 - -1) a composite number?
True
Let k(h) = 51*h - 39. Let p be ((-1)/2)/(5/(-20)). Let q(n) = 4*n - 3. Let b(l) = p*k(l) - 27*q(l). Is b(-3) prime?
False
Let r(y) = y**3 - 15*y**2 - 11*y - 1. Suppose -2*c + 64 = 2*c. Is r(c) a composite number?
False
Let l be 19/(-2)*(-51 + 1). Suppose -5*b + 5*b + 8*b = 0. Suppose b = -3*u + 2*j + l, 5*u = -0*j + 5*j + 785. Is u a prime number?
False
Let s(v) be the third derivative of 19*v**4/12 - 73*v**3/6 - 17*v**2. Is s(25) a prime number?
True
Suppose -u + 3*a = 2*u, 12 = -4*a. Let o be 1 - (-2)/2 - u. Suppose -i = -o*i, -386 = -w + 3*i. Is w a prime number?
False
Let w be (-663)/34*(-2)/3. Let v be -50 + w + 3 + 0. Let l = v + 38. Is l composite?
True
Suppose 3*j - 6 = 5*t, -3*j = -4*j - t + 2. Suppose 4 = -j*u + 2*h, -3*u + 5*h - 4 = 12. Let z(x) = 38*x**2 - 4*x - 1. Is z(u) a prime number?
False
Suppose -36*k - 15625 = -39*k - 2*s, -k = 4*s - 5205. Is k composite?
False
Let z(x) = -135*x**3 + 4*x**2 - 5*x. Let n(p) = -135*p**3 + 3*p**2 - 4*p + 1. Let u(g) = -7*n(g) + 6*z(g). Is u(3) a prime number?
True
Let n = 857 + -1385. Let h = n - -1199. Is h composite?
True
Let h be 3/(18/(-8)) - 30/(-9). Suppose 2*c = 2*k + 2938, -c - h*k = -2*c + 1469. Is c a prime number?
False
Let w = -110 - -114. Suppose -6*y + 4448 = -2*y + w*z, 4*y - 4*z - 4488 = 0. Is y a composite number?
False
Suppose -6*j = -11*j + 530. Suppose -h + 2*h - j = 0. Is h a prime number?
False
Is (-4 - (-93892)/60) + (-6)/(-45) composite?
True
Let r(j) = -99*j. Let b be r(2). Let x be (b/(-4))/(6/12).